 What is the greatest common factor of v and 12?
12
Suppose 4*a = 1 + 7. Suppose 4*h - 44 = a*j - 5*j, 3*h = 2*j + 50. Calculate the greatest common divisor of h and 154.
14
Let t = 18 + -10. Calculate the greatest common factor of t and 24.
8
Let d = -14 - -19. Let v = 3 - -37. What is the greatest common divisor of d and v?
5
Suppose -3*w + 123 + 117 = 0. What is the highest common factor of w and 10?
10
Suppose -2*d + 3*d = 109. Suppose -337 + d = -3*l. Calculate the highest common divisor of 19 and l.
19
Let c(n) = -8*n - 48. Let m be c(-18). Suppose -5*u - 3*s = -48, 0*u + 2*u + 2*s - 16 = 0. Calculate the greatest common factor of m and u.
12
Suppose 2*c = 6*c, -2*y + 3*c = 374. Let a = y - -277. Let k = 29 + -11. Calculate the highest common divisor of a and k.
18
Suppose 3*b - 212 - 122 = 2*x, -5*b - 3*x + 563 = 0. Let d(q) = q**3 - 5*q**2 + 2*q + 4. Let j be d(5). What is the highest common divisor of j and b?
14
Suppose 5*t = 10, -151 = -4*q + 3*t + 147. What is the highest common divisor of q and 38?
38
Suppose 0 = 3*w + 9, 0*d + 61 = d + 3*w. Let x = 15 + -1. What is the greatest common factor of d and x?
14
Let l(a) = a**3 + 6*a**2 + 3*a + 1. Let k(n) = 5*n. Let z be k(-1). Let h be l(z). Calculate the greatest common factor of h and 110.
11
Let r be 3/(-4) + 655/20. Let l = 133 - 88. Let y be ((-64)/(-6))/(6/l). Calculate the highest common factor of y and r.
16
Suppose -2*z + 7*z - 105 = 0. What is the greatest common factor of z and 168?
21
Let i(o) = o**3 - 3*o**2 + 2*o - 12. Let y be i(4). Suppose 2*k - 4*n - 176 = 0, -k = -n - 0*n - 86. What is the greatest common divisor of y and k?
12
Suppose -4*s - 1 = -3*p - 0, 11 = p + 4*s. Suppose -5*a + 2*a = -3*f + 3, -2*f = -2. Suppose a = -2*t + 1 + 1. What is the greatest common factor of p and t?
1
Let r(l) = -l**3 + 8*l**2 - 6*l - 4. Let j be r(7). Suppose j*i + 5*f = 145, -13 = -5*f + 12. Calculate the greatest common factor of 60 and i.
20
Suppose 4*s + y + 1 = 5, -5*y = 4*s - 20. Suppose -3*k + 4*k + d - 20 = s, -k = 4*d - 26. What is the greatest common factor of k and 126?
18
Let a be (-52)/(-14) - (-2)/7. Suppose 0 = 4*f + a*c + 28, 0*f - 21 = 2*f - 5*c. Let q be (13/(-4))/(2/f). What is the greatest common divisor of q and 78?
13
Let m = 9 + -4. Suppose 6*n = n + m. Let h be 6*(-3 - -4*n). What is the highest common divisor of 2 and h?
2
Let l be (-7)/(5/2 - 3). Calculate the greatest common factor of 56 and l.
14
Suppose -21 = 4*z - 4*r + 103, -2*z - 2*r - 50 = 0. Let y = z - -39. What is the greatest common factor of 99 and y?
11
Suppose -19 = h + 3*k + 10, 5*k = -5*h - 95. Let w = 18 - h. Suppose 46 = 3*a + 4*o, 2*a + 0 = -2*o + w. Calculate the greatest common divisor of 2 and a.
2
Let u be 25 - (5/(-5) - -3 - 5). Calculate the highest common divisor of u and 224.
28
Suppose 1 = 3*m - 8, -13 = z - 5*m. Calculate the greatest common factor of z and 34.
2
Let v = -8 + -2. Let o be 211/5 + 2/v. Suppose 1 - 19 = -3*y. What is the greatest common factor of o and y?
6
Let m(u) = -u - 6. Let b be m(-12). Suppose -g = 2*g - b. What is the highest common factor of 8 and g?
2
Let k(u) = 53*u**2 + 1. Let g be k(1). Suppose 0 = -m - 2*p + g, 4*p - 13 = 7. What is the greatest common divisor of 110 and m?
22
Let d be (-3)/(-1) - 1199/(-11). What is the greatest common factor of 42 and d?
14
Let c(k) = -k**2 + 13*k - 7. Let d be c(12). Let z be 8 - d - (2 - 23). Calculate the highest common divisor of z and 48.
24
Suppose -2*d + 52 = -3*i, 59 = 2*d + i + 7. Calculate the highest common divisor of d and 91.
13
Let c(o) = -10*o**3 - o**2 - o - 1. Let k be c(-1). Let s = 16 - 9. Let h = s + -4. Calculate the highest common factor of k and h.
3
Let j = -6 + 8. Let n(w) = 4*w**2 - 2*w. Let q be n(j). What is the greatest common factor of q and 24?
12
Let d be (3/(-2))/((-1)/8). What is the highest common factor of d and 36?
12
Suppose -6*a = 113 - 533. Calculate the greatest common factor of 28 and a.
14
Let z = 61 + -151. Let f = 144 + z. What is the greatest common factor of 27 and f?
27
Suppose -3*u + 4*j = 5*j - 42, -5*j = 15. Calculate the greatest common factor of u and 3.
3
Let b = 1 - -1. Let k be 8*2*(-3)/(-6). Suppose -k*h + 4*h + b*w = -2, -2*w = 5*h - 25. Calculate the highest common factor of 3 and h.
3
Let j be (1/((-6)/4))/(76/(-1938)). What is the highest common divisor of j and 51?
17
Let k be -77*((-132)/42 + 0). What is the greatest common factor of k and 22?
22
Suppose -5*t = -w - 38, 2*t - 11 = 2*w - 3*w. Let x(q) = -21*q. Suppose -5*z - 4 = 1. Let f be x(z). Calculate the highest common divisor of f and t.
7
Suppose -10*a + 9*a = -24. What is the highest common factor of 6 and a?
6
Suppose -2*n = n - 168. Let u(j) = j**3 - 4*j**2 - 6*j - 4. Let p be u(6). Suppose 3*y - p = -y. What is the highest common divisor of y and n?
8
Let f be 54 + -4 + (-3 - -5). Calculate the greatest common divisor of 13 and f.
13
Let z be (-21)/(-6) + 3/6. Suppose 3*r = -g + 10, 0 = 4*r - z*g + 3*g - 4. What is the greatest common factor of 16 and r?
2
Let n = 24 + 26. Suppose 0*p = 5*p - n. What is the greatest common factor of p and 25?
5
Suppose -2*k - 2*k - 1024 = 0. Let q be (-2)/9 + k/(-18). Let i(g) = 3*g**2 + g. Let o be i(2). Calculate the greatest common factor of q and o.
14
Let t = 66 + -32. Let m = t + -22. What is the highest common factor of 3 and m?
3
Suppose -2*f - b + 24 = 3*b, 5*b - 10 = 0. Suppose 3*z - s - 242 = 0, -4*s = 2*z - 0*s - 152. Calculate the greatest common divisor of z and f.
8
Let m = 6 + -3. Suppose m*x - 47 = 1. What is the greatest common divisor of x and 32?
16
Let c(t) = 11*t**2 + 2*t - t**2 + 2 + t**2. Let s be c(-2). What is the greatest common divisor of 6 and s?
6
Let t = 469 - 261. Calculate the greatest common factor of t and 26.
26
Let t be 2/(-3) + 28/6. Suppose t*z - 105 + 1 = 0. What is the greatest common divisor of 13 and z?
13
Let s(j) = j**2 + 4*j + 1. Let a be s(-7). What is the highest common divisor of 11 and a?
11
Let x be (-4)/10*(5 + -25). What is the highest common factor of 8 and x?
8
Suppose -4*w + 352 = 4*w. Suppose 3*q - 391 + 61 = 0. What is the highest common factor of q and w?
22
Suppose -5*y = 3*l - 81, -4*y + 5*l + 58 = 4*l. Suppose -15 = -2*f + y. Calculate the greatest common divisor of 3 and f.
3
Let x = 17 - 10. What is the greatest common divisor of 63 and x?
7
Let j(f) = f**3 - 14*f**2 - 16*f + 22. Let q be j(15). What is the greatest common divisor of q and 63?
7
Suppose c = 2*f - 1, 3*f - c = 3*c - 11. Suppose -3*i - 95 = -2*k + 2*i, -k = f*i - 75. Calculate the greatest common divisor of 15 and k.
15
Suppose -8 = -d - 3*d, 85 = 3*b + 2*d. Calculate the highest common divisor of b and 18.
9
Suppose 2*y = -2*d + 122, 5*y + 0*d - 317 = d. What is the highest common divisor of y and 9?
9
Let g(l) = 3*l**2 - 10*l + 6. Let v(o) = 8*o**2 - 30*o + 17. Let t(r) = -11*g(r) + 4*v(r). Let d be t(-8). What is the highest common divisor of d and 27?
9
Let o be 3/(-1) + (-60)/(-6). Suppose -3*m = -i - m + o, -3*i - 2*m = -37. What is the greatest common divisor of i and 99?
11
Let q = 42 - -36. Calculate the greatest common divisor of q and 117.
39
Let c = 12 + 7. What is the highest common factor of 152 and c?
19
Suppose 0 = -3*i - 5 + 2, 3*q = -2*i + 61. Let a be 16/7 - 6/q. What is the highest common divisor of a and 22?
2
Let p(n) = 3*n**2. Let z be p(1). What is the highest common factor of z and 2?
1
Let u be (-64)/(-10) - 6/15. Suppose 7*m = u*m + 95. Calculate the highest common factor of m and 19.
19
Let d(q) = q**2 - 9. Let k be d(-7). Suppose 4*v = -0 + k. What is the greatest common divisor of 110 and v?
10
Let t(n) = n**3 - 6*n**2. Let x be t(6). Suppose -5*k + r + x*r = -75, r - 51 = -4*k. What is the highest common divisor of 14 and k?
14
Let x be (-1 - 2)*12/(-9). Let n be (6 - x)/((-2)/(-7)). Calculate the highest common factor of 28 and n.
7
Let o be 326/18 + 11/(-99). Calculate the greatest common factor of o and 126.
18
Let b be (10/(-6))/((-1)/72). Suppose -b - 6 = -2*i. Let k = -1 + 10. Calculate the greatest common divisor of i and k.
9
Let l(o) = o**3 - o**2 + 2*o + 3. Let v be l(-3). Let a = 69 + v. What is the greatest common factor of 6 and a?
6
Suppose 3*f - f - 2 = 0. Let i(j) = 9*j. Let q be